e (0 - 7) + 0 + 46 + -42.
-3
3 - (-1 + 2) - (4 - 3)
1
What is 5 - (-3 - -2) - 2?
4
Calculate 3 - (5 + -2) - -5 - 3.
2
Calculate -4 - (-6 - -5 - 7).
4
Calculate -1 - (-3 + 6 + -3).
-1
Evaluate 5 - (9 + -1) - 0.
-3
What is -2 - (-8 + (3 - -4 - 1))?
0
What is 2 - (4 - -2) - (-2 - -2)?
-4
Evaluate 1 + 0 - (6 + -10).
5
Calculate 3 + (6 + -5 - 0).
4
What is the value of -3 - (4 - 6 - (-1 + 6))?
4
What is -12 - (-2 + 2 - 6)?
-6
2 + (-2 - -6) + -1
5
Calculate (-25 - -23) + (-2 - -2 - -4).
2
Evaluate 0 + 1 + (-25 - -21).
-3
Calculate 0 - (-5 - (5 + -12 + 5)).
3
What is the value of (7 + -3 - (-4 - -7)) + 3?
4
Calculate (5 + 5 + -15 - 0) + 2.
-3
Calculate (4 - (6 - -4)) + 2 - -1.
-3
3 + 0 + 14 + -23
-6
What is 4 + (0 - 3 - 4)?
-3
Evaluate (-3 - -5) + 1 + 1 + -5.
-1
What is 12 + (1 - 5) + -5?
3
What is 2 - (4 + -9) - 6?
1
What is -5 - 0 - (-11 - -1)?
5
1 - 6 - (-17 + 17) - -3
-2
6 + -2 + -1 - (-6 + 16)
-7
What is 3 + (-2 + 3 - 4)?
0
4 + (5 - 8) + 0 + 2
3
-2 + (-2 - ((-8 - -5) + 3))
-4
What is -1 + (0 + 1 - -3)?
3
8 + (-21 - -7) - -7
1
Evaluate 3 - (10 - (2 - -4)).
-1
What is the value of 1 + 3 + 4 + 10 + -18?
0
Evaluate (3 - 2) + -1 + -2.
-2
Calculate 1 - (1 - 5 - (-1 - -1)).
5
What is the value of (10 - (-2 + 6)) + -4 + 5?
7
What is the value of (-6 - (8 - (-8 - -17))) + -4?
-9
Evaluate (-2 + 7 - 4) + (-1 - -1).
1
What is the value of 2 - (6 + -5) - -2?
3
What is the value of 11 - 11 - (3 + 0)?
-3
What is the value of 5 + -4 + 0 + -2?
-1
What is the value of (3 - 5) + -1 + -1 + 2?
-2
Evaluate -5 - ((-6 - -3) + 4).
-6
Calculate (-1 - 0 - -1) + 0.
0
-5 - (-21 + 4) - 6 - 4
2
What is the value of 3 + -1 - ((0 - 1) + -2)?
5
What is the value of -7 + 13 + (-2 - -2) + 0?
6
-4 + -1 + (0 - -1 - 0)
-4
What is (3 - 1) + -6 + 6?
2
(2 - (-2 + 2)) + -3 + -3
-4
-4 - -8 - (0 + 1)
3
Calculate 1 - ((-1 - -4) + 7 + -9).
0
What is 0 + -1 + 5 + -6 - -8?
6
What is 4 + 1 + 1 + -6?
0
Evaluate (-1 - 0) + -3 + 5.
1
What is the value of 0 + 0 + (1 - 1)?
0
What is the value of 1 + -5 + 0 - -4?
0
What is the value of (-8 - -1) + 23 + (2 - 9)?
9
What is the value of 16 + -10 + 6 + -8?
4
-15 - (-14 + -4 + 10) - -14
7
5 - (-4 + -14 - -12)
11
What is the value of -15 + 14 + -2 + 5?
2
Evaluate 2 + (5 - 3 - 6).
-2
(0 - 2) + 4 + -6
-4
(-20 - -24) + (0 - 8) - -2
-2
What is -1 + (5 - (3 - 1)) - -2?
4
Evaluate (3 + 1 - -4 - 4) + -6.
-2
Calculate 138 + -135 + (0 - 2 - 6).
-5
-3 - (3 + 2 + -12) - 9
-5
Evaluate 15 + (-10 - (-6 - -1)) + -2.
8
What is 1 - 3 - (0 + (4 - 5))?
-1
What is the value of 2 + -7 + 5 + (-1 - -2)?
1
(3 - ((6 - -4) + -3)) + 0
-4
What is the value of -3 + -4 + 2 - (-20 + 9)?
6
What is the value of -4 + 0 - (0 - -1)?
-5
What is 4 - (7 + -10 + 6)?
1
What is -2 + (0 - 6) + 10?
2
-10 + (-1 - (4 + -11))
-4
Evaluate (-57 - -56) + (1 - 1).
-1
5 + (2 - (3 - -2))
2
Evaluate (1 - -3) + -3 + (2 - -2).
5
What is the value of (-5 + -7 - -11) + 6?
5
Calculate 2 + 0 + 2 + (89 - 101).
-8
Calculate 55 - 59 - (1 - (1 + 0)).
-4
What is the value of (-14 - -4) + -15 + 28?
3
What is (1 - (-1 + 8)) + 2?
-4
What is -4 + 5 + 7 + -14?
-6
What is 5 + 6 + -9 + 3?
5
What is the value of -12 + (-7 + 22 + -9 - 2)?
-8
What is the value of 2 - -1 - (19 + -1 + -9)?
-6
Evaluate (3 + 0 - 5) + 4.
2
Calculate 9 - (-3 - (1 + -4) - 1).
10
What is the value of -4 + (3 - -2) - 0?
1
What is the value of (2 - (-9 + 8)) + 0?
3
Evaluate -113 + 119 - (8 + 1).
-3
Calculate 1 + 2 + -1 + -5.
-3
Calculate -3 - (-2 + 0 + 2 + -8).
5
(19 - 7) + -5 + 2 + -4
5
What is 7 + 3 + 1 + (-14 - -6)?
3
Calculate -2 + 1 - (15 - 12).
-4
What is -1 - -2 - (-30 + 34) - 0?
-3
-6 - (-3 + -3 + 4 + -1)
-3
What is 5 + 2 - (-4 - -14)?
-3
What is (5 - 0) + -3 - 0?
2
What is -8 + 4 + 0 - -5?
1
Evaluate (-1 - (-1 + 2)) + 2.
0
(-2 + 4 - -2) + (-2 - 2)
0
What is the value of -3 + 1 + -4 - -5?
-1
-1 + -2 - (-6 - -3)
0
(-4 - -5 - 2 - -4) + -1
2
-8 - -2 - -7 - 6
-5
-1 + -2 + (86 - 77)
6
What is the value of 5 + 2 + -6 + (6 - 4)?
3
(2 - 3) + 4 - (-14 + 19)
-2
What is -2 + (-3 - -2) - -4 - -1?
2
Evaluate 0 + 8 + (48 - 60).
-4
What is -24 - -12 - -5 - 2?
-9
Calculate (-2 - (-3 - 0)) + (2 - 3).
0
Calculate 26 + -30 + 2 + -1.
-3
What is -1 - -2 - (-4 + 7 + -2)?
0
Evaluate (-2 - (-3 + -1)) + 2.
4
Calculate -10 - (-9 - 11) - 9.
1
Evaluate 3 + 0 + (1 - 0) + -4.
0
What is 0 + 9 + -4 + -5 - -3?
3
Calculate -3 + -2 + 9 - 6.
-2
Calculate (49 - 25 - 23) + (5 - 1).
5
6 + (3 + 5 - 6)
8
What is 4 - 2 - (20 + -22)?
4
-2 - (-5 - (11 + -5 - 8))
1
What is (11 - 13) + (-9 - (3 + -7))?
-7
What is -8 - (-8 + 5 + -7) - 9?
-7
Calculate (0 - -10 - 12) + (7 - 0).
5
What is 1 + (4 + -6 + 3 - -2)?
4
Evaluate -7 + 1 + 0 + 9.
3
3 - 6 - -2 - (-1 + 2)
-2
-3 + 3 + 3 + (-6 - -1)
-2
(-2 - (2 + -4)) + -3
-3
6 + 1 + 7 + 3 + -14
3
Evaluate 2 + -4 + 1 + 3.
2
What is (-7 - 1) + 131 + -128?
-5
What is the value of 0 + -6 + (-1 - 4 - -12)?
1
Evaluate 8 + -15 - -3 - (0 - 1).
-3
What is -2 + 13 + (-9 + 1 - -4)?
7
What is the value of 1 - (-5 + 3) - (-20 + 21)?
2
(-2 - (-3 + 2)) + (88 - 86)
1
Evaluate -171 - -164 - (-1 + -1 + -4).
-1
Evaluate -1 - -1 - -5 - 10.
-5
What is 100 + -103 - (2 + 4 - 2)?
-7
9 + (18 + -9 - 16)
2
Evaluate -4 - (8 + 0) - -8.
-4
(7 - (-1 + 1 - -3)) + -7
-3
What is 29 + -23 + (0 - (3 - -3))?
0
What is -3 + -1 - (-3 + 0)?
-1
Calculate -3 + 1 + (-1 - 0 - -2).
-1
Evaluate -6 - ((-16 - -13) + 0 + -5).
2
1 + (3 + -3 + -5 - -4)
0
Evaluate (185 - 179) + (-11 - -1).
-4
What is (-12 - -5) + 0 + 2?
-5
What is (7 + 6 - 6) + -12 + 7?
2
What is the value of (-1 - 1) + (0 - 0)?
-2
What is the value of 0 - (-2 - 3 - -2)?
3
Calculate -23 + 0 - -17 - (1 + -6).
-1
What is the value of (-1 - -5) + 2 + -12?
-6
What is the value of 1 - -1 - (38 - 41) - 0?
5
Evaluate 5 + (-3 + -3 + 5 - 0).
4
3 - ((-7 - (4 - 7)) + 5)
2
What is the value of 8 + (-5 - (5 + -1) - -5)?
4
What is the value of (5 - -2) + 14 + -22?
-1
Calculate (-6 - -2) + 32 + -30.
-2
Evaluate -8 + 17 + -5 - (1 + -6).
9
Evaluate -11 + 8 + 1 + -5.
-7
Calculate 2 - (0 + (1 - 3)) - 1.
3
15 - 9 - 10 - -5
1
Calculate (-4 - 7) + (-21 - -33).
1
Calculate (17 - (2 - -6)) + -10.
-1
Evaluate -1 + 3 - (5 - 0).
-3
Calculate (-3 - -5 - 4 - 0) + 6.
4
Evaluate 4 + 11 + -21 + -3.
-9
Evaluate 4 - (5 - 11 - -3 - -4).
3
What is -11 + -3 + 9 + (9 - 1)?
3
Calculate (-3 - (-2 - 0)) + -3.
-4
What is the value of 1 + -1 + 7 + 17 + -19?
5
What is (-13 - -5) + 9 + 8?
9
Calculate 7 + -1 + -3 - -2.
5
What is 1 - (-6 - (-5 + -3))?
-1
What is (1 + -8 - -4) + 1 - 3?
-5
What is -4 - -2 - (-1 - 5)?
4
Evaluate 3 - (-6 - (-2 + 2) - 0).
9
2 + 3 + -8 + 3
0
What is the value of 3 - ((12 - 5) + -5)?
1
Evaluate 6 + (-2 + 1 - -1) - 3.
3
Evaluate 3 + -5 + 2 + 0 + 4.
4
Calculate -4 - (-2 + -8) - -3.
9
What is 4 + -17 + 6 - -9?
2
Calculate 20 + -21 + 13 + -20.
-8
What is (15 - 13) + (2 - 3)?
1
What is 0 + 10 - 1 - 2?
7
Calculate -9 + -2 - (18 + -22).
-7
Calculate 3 - (-11 + 15 + (2 - -1)).
-4
What is -14 + 8 - (-1 - -1)?
-6
Calculate 0 - ((3 + -3 - -10) + -7).
-3
Calculate -10 + 0 + 0 + 6.
-4
What is 0 + 10 + (4 - 14)?
0
Calculate -5 + (0 + 3 - 5 - -4).
-3
Calculate (8 - (2 - 0)) + -4.
2
Calculate (2 - -4) + (5 - 3) + -14.
-6
Calculate 2 - 7 - (-5 + 3) - -2.
-1
What is the value of 0 + 4 + (4 - 13) + 0?
-5
What is the value of -8 + -2 - (43 + -54)?
1
What is the value of 1 - (6 - 5 - 2)?
2
Calculate (6 - 3) + 5 + -14.
-6
Calculate 27 - 22 - (0 - (1 - 0)).
6
Evaluate (-7 - -1 - -18) + -9.
3
Calculate (-36 - -38) + (-4 - (0 - 1)).
-1
Calculate 3 + (-5 - 0) + (1 - -3).
2
(3 - -3 - 3) + -8
-5
3 - (5 + -4 - 3)
5
Calculate 2 - -3 - (-3 - (-3 + -2)).
3
Evaluate -3 + 1 - (-2 - (0 - 0)).
0
What is -3 + (-7 - (8 + -19))?
1
What is the value of -4 + 2 + (6 + -1 - 0)?
3
Evaluate -6 - -7 - (7 + 2 + -4).
-4
Evaluate -2 - (-9 - (-5 - 1)).
1
What is the value of (1 - (0 - -15)) + 7?
-7
Evaluate 1 - (5 + -5 + 4).
-3
Evaluate -3 - (-5 - 0 - 0).
2
3 - 2 - (-3 + -4 + 3)
5
What is (8 - 1) + -39 + 30?
-2
Evaluate 1 - 7 - (9 - 9 - 7).
1
14 - (4 + 0 + 5)
5
Evaluate -14 + -10 + 3 - -12.
-9
Evaluate -1 - (-1 - -4) - -3.
-1
What is 1 - (1 + -7 + 1 + 3)?
3
What is the value of -2 + 1 - (-5 - (0 + 1))?
5
Calculate -6 + -1 - (-8 + 5 + 4).
-8
-4 - (-5 - -4) - -1
-2
Calculate -4 + (2 - (9 + -6 + 4)).
-9
What is the value of 10 + -9 + -3 - (5 + -1)?
-6
What is -12 + 6 - ((4 - 2) + -4)?
-4
Evaluate -4 - (-15 - (